. Does 8 divide q?
True
Suppose -4*a + 883 + 2089 = 0. Is 36 a factor of a?
False
Let s(a) = -29*a + 183. Is 2 a factor of s(3)?
True
Let p(m) be the second derivative of -11*m**3/3 - m**2/2 - m. Let g be 5 + 0 + 290/(-29) - -4. Is 7 a factor of p(g)?
True
Let i(q) = 7*q - 13. Let w be i(7). Suppose -w = u - 3*u. Suppose -16*k - 186 = -u*k. Is k a multiple of 25?
False
Let r be (53/3)/((-6)/144). Let f be (-2)/(-6) - r/24. Let l(a) = 4*a + 23. Is 19 a factor of l(f)?
True
Let n = -234 - -328. Is 9 a factor of n?
False
Let k = 7 + -12. Let l be 4/k*(-40)/16. Suppose l*m - 222 = -m. Is 20 a factor of m?
False
Suppose 7*h + h = 3528. Does 9 divide h?
True
Suppose 0 = 2*j + h - 832, -3*h - 786 = -4*j + 858. Does 23 divide j?
True
Suppose 11 = -0*u + u - 2*s, -48 = -3*u + 3*s. Suppose 3*m - 3*y - 6 = 0, 2*m - 3*y + 2*y - 8 = 0. Suppose -3 = m*j - u. Is j a multiple of 2?
False
Suppose 2*y = -8*l + 3*l + 441, -3*y = -5*l + 426. Does 3 divide l?
True
Let u = -463 - -643. Does 87 divide u?
False
Suppose 14*z - 18*z + 17736 = 0. Is 51 a factor of z?
False
Suppose 0 = c + 7 - 11. Suppose -50 = -c*f + 90. Does 5 divide f?
True
Let j(z) = z**3 - 7*z**2 + 2. Let f be j(7). Is (-108)/(-8)*3*f a multiple of 24?
False
Let p = -172 - -439. Suppose -2*y + 227 = 5*g, p = -0*y + 2*y - 3*g. Suppose -4*c + y = -c. Does 17 divide c?
False
Let y be (32/(-6))/8 - (-40)/6. Let o(p) be the first derivative of -p**4/4 + 8*p**3/3 - 5*p - 2. Does 23 divide o(y)?
False
Let f = -42 + 21. Let m be (-56)/f*(-6)/(-8). Suppose -3*l + 40 = -2*l - 4*w, -104 = -2*l + m*w. Is 14 a factor of l?
True
Let l(u) = u**3 + 2*u + 379. Let r be l(0). Suppose -5*a = t + 3*t - r, 2*t - a = 207. Does 13 divide t?
False
Let h be (-8)/28 + 132/21. Suppose -l - h = 6. Does 6 divide 511/42 - (-2)/l?
True
Let g = -24 - -26. Suppose -2*n - g*n + 160 = 0. Does 8 divide n?
True
Suppose 14 = 4*q + 6. Suppose -14 = -5*y + 4*f, f = 3*y - 5 - q. Is y a multiple of 2?
True
Let l(x) = -21*x - 128. Is 65 a factor of l(-10)?
False
Suppose -g + 8 = n, -4*g + 4 = -3*g. Suppose -5*c + 49 = -n*w, -3*w = 4*c - 25 - 8. Suppose 5*x - c*x = -116. Is x a multiple of 15?
False
Suppose -2*h = -o - 237, 4*o + 5 = 1. Is 59 a factor of h?
True
Suppose -4*q = 3*k - 40, -2*k - 20 = -7*k + 5*q. Suppose 35 = k*b - 3*b. Suppose -b*d + 72 = -3*d. Does 5 divide d?
False
Let x = 1496 - 1286. Is x a multiple of 15?
True
Let d = -10 + 10. Suppose -v + 2*v + 3 = d. Does 33 divide (2 + 32 - v)*3?
False
Let j be (-28)/(-21) + 5/(30/(-8)). Suppose -f + 4*n - 7*n + 336 = j, -4*n = f - 334. Does 19 divide f?
True
Let c(j) = -j**3 + 7*j**2 - 3*j + 14. Let b be (2/(-7))/(3/(-21)). Let m be b/5 + (-28)/(-5). Does 8 divide c(m)?
True
Let d be 2/((-1)/((-3)/(-2))). Is -1 - (7/(-21) + 65/d) a multiple of 10?
False
Let n be 1 - -4 - (-3 + 4). Suppose r + 2*x + x = -n, -5*x = r + 2. Let q(a) = a**2 + 5*a + 5. Is q(r) a multiple of 6?
False
Suppose 590 = 8*l - 2482. Does 24 divide l?
True
Let r = -17 + 34. Let v(u) = u**3 - 17*u**2 - u + 13. Let c be v(r). Is (6/c)/(27/(-126)) a multiple of 7?
True
Suppose 146*v = 133*v + 2184. Does 7 divide v?
True
Let j = -59 + 33. Let f = 91 + -40. Let l = f + j. Is l a multiple of 7?
False
Suppose 0 = -3*m + 5 + 7. Is 23 a factor of 643/m - (-2)/8?
True
Let v(x) = -51*x. Suppose -2*r = 2*r - 3*d + 37, 3 = d. Let i = -8 - r. Is v(i) a multiple of 17?
True
Let k(u) = -u**3 - 6*u**2 - u - 4. Let z be k(-6). Let b(p) = -2*p + p + 7*p**2 - p + 1. Does 19 divide b(z)?
False
Let u be (-4)/((-16)/60) - -1 - -2. Is 4 a factor of (-40)/16*u/(-5)?
False
Let j(m) = 15*m**2 + 10*m + 10. Is 23 a factor of j(-3)?
True
Let k(z) = 2*z**2 - 23. Is k(-20) a multiple of 70?
False
Let g = 560 + -351. Is 29 a factor of g?
False
Let z = -2317 - -6862. Is 139 a factor of z?
False
Suppose -z - i = -1855, 3*z - 5561 = -13*i + 9*i. Is 70 a factor of z?
False
Suppose 4*w - 2*b - 12784 = 0, -6004 = -3*w + 3*b + 3584. Does 94 divide w?
True
Suppose 0 = 3*q - 5*q + 5*m + 567, q - 5*m - 291 = 0. Is 23 a factor of q?
True
Suppose 251 = b - 16*t + 15*t, -2*b = t - 493. Is 7 a factor of b?
False
Let w = 378 + -270. Is 12 a factor of w?
True
Let h = 10 + -21. Let z = 37 + h. Does 7 divide z?
False
Suppose 3*n - 4*n + 2 = 0. Suppose 5*a = -2*s - 4, -2*a + 4*s - 3*s + n = 0. Suppose a = 5*c - 52 - 23. Is c a multiple of 15?
True
Let f(d) = -d**3 - 5*d**2 + 2*d + 55. Let r(x) = x**2 - x. Let o(t) = f(t) + 4*r(t). Does 27 divide o(0)?
False
Suppose 0 = 33*p - 13*p - 8960. Is 28 a factor of p?
True
Suppose c - 5 = 0, 2*c = 2*t + 4*c - 18. Let x = -67 - -137. Suppose -p + x = t*p. Does 14 divide p?
True
Let h = 206 - 111. Suppose 3*x + 87 = 2*u, u + u - h = -5*x. Is 9 a factor of u?
True
Suppose -7*w = -4*w - 18. Let u = -6 + w. Suppose r + m = 30, u = -2*r - 3*m - 0*m + 62. Does 14 divide r?
True
Let x(u) be the first derivative of u**5/60 + 5*u**4/24 - 2*u**3/3 + u**2/2 - 1. Let i(g) be the second derivative of x(g). Is i(-7) a multiple of 10?
True
Suppose 8*q = 6345 - 1865. Does 14 divide q?
True
Suppose -4*z + 30*n - 29*n = -5462, -10 = 5*n. Does 12 divide z?
False
Let n = -42 - -221. Let r = 46 + n. Is 10 a factor of r?
False
Suppose t + 919 - 3207 = 0. Does 22 divide t?
True
Suppose -779 = -2*v - 35. Is v a multiple of 12?
True
Let m(f) = f - 8. Let d be m(6). Is 3 a factor of d/(-27)*3 + (-34)/(-9)?
False
Let i be (-8)/14 - 144/(-56). Suppose 3*x + i*u = 149, -4*x - 2*u - u = -197. Does 47 divide x?
False
Let z(v) = v - 1. Let g(c) = 2*c - 17. Let q(j) = j**2 - 6*j - 15. Let x be q(8). Let i(m) = x*g(m) + 2*z(m). Is 5 a factor of i(11)?
True
Suppose -i + 151 = -5*g - 739, 0 = -3*i - 3*g + 2706. Suppose -5*k + i = 4*h + 106, 4*k + 4*h - 636 = 0. Is 17 a factor of k?
False
Is 13 a factor of (84/(-35))/(3/(-1055))?
False
Let r = -55 + 129. Suppose -v - 377 = -5*p + 2*v, 0 = -p + 2*v + r. Is 27 a factor of p?
False
Let w = -674 - -1057. Does 21 divide w?
False
Suppose -n = -0*n. Let p(k) = 5 - 4 + 24*k - 33*k**3 + k**2 - 22*k + n. Is 5 a factor of p(-1)?
False
Let z(v) = v**3 - v**2 - 3*v + 42. Let q be z(0). Let h be ((-4)/(-8))/((-2)/(-12)). Suppose -q = -y + h. Does 9 divide y?
True
Let u(l) = l**2 - 4*l. Let j be u(4). Suppose 0 = 3*x - j*x - 6. Suppose -3*f = 12, 0*i - 2*i + x*f = -58. Is 5 a factor of i?
True
Suppose -5*u = -3*i + 2372, 5*i - 33*u = -30*u + 3932. Does 16 divide i?
True
Suppose 0 = 55*j - 33*j - 2860. Is j a multiple of 10?
True
Let n(i) = -i**2 - 16*i + 23. Let a be n(-17). Suppose a*h + 10 = 28. Suppose 3*w - 251 = h*o - 4*o, -4*w + 338 = -2*o. Does 12 divide w?
True
Let x(u) = -u**3 + 5*u**2 + 7*u + 8. Does 4 divide x(-4)?
True
Suppose 3*n = -387 - 45. Let l = n - -201. Is l a multiple of 21?
False
Suppose 0 = 10*h - 6*h - 2220. Suppose -615 - h = -13*k. Does 7 divide k?
False
Let l be (10570/(-75))/7 - (-2)/15. Does 6 divide l/8*(-14 + 2)?
True
Suppose -822 = -8*w + 6*w. Is 9 a factor of w?
False
Let w(p) = p**2 + 9*p + 8. Let d be w(-8). Suppose -4*j + 115 + 145 = d. Suppose 4*s - 3*s + 4*h - j = 0, 3*h - 15 = 0. Does 15 divide s?
True
Let f be 4/(-4 + -4)*20. Let h(y) = 15*y - 9. Let p be h(f). Let z = -103 - p. Is 14 a factor of z?
True
Let i(g) = -2 + 3*g + 8*g**2 - 2 + 1. Let k be i(3). Suppose -2*z - 22 = -k. Does 7 divide z?
True
Let a = -119 - -136. Does 6 divide a?
False
Suppose 40 = 5*d + 2*m + 2, -4*d = -5*m - 37. Is (-4)/8 - ((-92)/d + -3) a multiple of 4?
False
Let x = 532 - 357. Is x a multiple of 25?
True
Let k = 59 + 55. Suppose c - 4*p = -5*p + 55, 2*c - 2*p = k. Is c a multiple of 14?
True
Suppose -10*v - 90 = -11*v - 4*u, 3*u + 335 = 5*v. Is v a multiple of 70?
True
Let b(q) = q**2 - 10*q + 13. Let o be b(12). Suppose o = 2*t + 13. Does 4 divide 6/(-8) + 105/t?
True
Let g(y) = 45*y**3 - 3*y**2 - 10*y + 26. Is g(3) a multiple of 30?
False
Let f be 55/4 - 8/(192/18). Suppose 151 = 2*d + f. Does 13 divide d?
False
Let h = -32 - -101. Let l = 101 - h. Is l a multiple of 21?
False
Is -50 - -49 - 757/(-1) a multiple of 36?
True
Let x = 53 - -680. Is x a multiple of 9?
False
Suppose 410*q = 419*q - 4014. Is 15 a factor of q?
False
Suppose 0 = 6*n - 5*n - 5. Suppose 22 = -n*t + 107. Is t a multiple of 4?
False
Let v be 38/(-8)*(16 - 4). Let m = -183 + 78. Let x = v - m. Does 10 divide x?
False
Let j(r) = -r*